ose 3*t - 27 = 4*m, -2*m = -4*m - 4*t - 8. Let o be i(m). Let g(v) = v - 9. Determine g(o).
-2
Let t = -3 - -1. Let i(h) be the second derivative of -h**5/30 - h**4/8 - h**3/3 + 3*h**2/2 + 4*h. Let j(w) be the first derivative of i(w). Determine j(t).
-4
Let o = -222 - -198. Let y be 3/(54/o)*-6. Let c(i) be the first derivative of i**2/2 - 13*i - 1. What is c(y)?
-5
Suppose p = -3*p + 252. Let j be (-44)/(-7) - 18/p. Let z(k) = 2*k - 2*k + k + j + 3*k. What is z(-5)?
-14
Let j(d) = d + d**2 + 31 - 20 - 2 - 12. Determine j(0).
-3
Let l(q) be the first derivative of -q**3/3 - 4*q**2 - 16*q + 3. Let i be l(-6). Let s(j) = j**2 + 2*j + 2. Determine s(i).
10
Let t be ((-169)/(-52))/((-3)/(6 - -6)). Let m(c) = 3*c + 3. Determine m(t).
-36
Let p(d) = -d**3 + 10*d**2 + d - 6. Let q be p(10). Let v(x) = x**2 - q*x + 8*x + x - 3. Let g be 9/(-2)*4/3. Determine v(g).
3
Let a(q) = q + 7. Let t(y) = -y - 8. Suppose 6*s + 15 = 57. Let o(f) = s*a(f) + 6*t(f). What is o(4)?
5
Let v(q) be the second derivative of -q**3/6 - 7*q. Determine v(11).
-11
Let y(d) be the third derivative of -d**6/120 + d**5/60 + d**4/8 - d**3/6 - d**2. Let s be (-2 + 4)*(-10 - -2 - 1007/(-106)). What is y(s)?
-10
Suppose 0*v + 429 = 39*v. Let l(h) be the first derivative of 5/4*h**4 + 0*h + v + 1/2*h**2 + 1/3*h**3. Give l(-1).
-5
Let h(v) = v**2 + v - 3. Suppose 2*m - 3 = z, -6*m = -z - 3*m - 6. Suppose -3*o - z = 5*i, -4*o + 31 + 0 = -5*i. Calculate h(i).
3
Let a(z) = -5*z**2 - 26*z + 15. Let i(h) = h**2 + 5*h - 3. Let k(s) = 2*a(s) + 11*i(s). Let r = 269 + -205. Let q = 58 - r. What is k(q)?
15
Let q = 7 + 3. Suppose -q*m = -12*m. Let d(b) = -b**2 - b + 5. Determine d(m).
5
Let p(s) = 12*s**2 - 17*s - 10. Let m(t) = 8*t**2 - 12*t - 7. Let z(q) = -7*m(q) + 5*p(q). Calculate z(2).
13
Let x = -285 - -281. Let v(f) = -3*f**2 - 4*f - 1. Determine v(x).
-33
Let s(b) = -b**3 - 10*b**2 - 23*b - 17. Let g be (2/(-5))/((-16)/(-280)). Determine s(g).
-3
Suppose 4*p - 9*p + 65 = 0. Let u(j) = p*j**2 - j - 18*j**2 - 5 - 4*j + j**3. Let z = 17 - 11. Determine u(z).
1
Let n be (-21)/(-4) + 2/(-8). Let j(z) be the first derivative of z**4/4 - 4*z**3/3 - 2*z**2 - 5*z + 10959. Determine j(n).
0
Let x(k) = k**3 + k + 6. Let q(a) = 2*a**2 - 3*a + 1. Let n be q(2). Suppose 5*p - 20 = -3*d, -2*d + n = p - 1. Give x(d).
6
Let n(k) = k**3 - 6*k**2 + 5*k. Let g be (-5 - -2) + 2 - -3. Suppose -26 = -4*u + g*h, -u - 3*u = 2*h - 14. Determine n(u).
0
Let u(f) = -3*f**2 - 5*f - 1. Let g(x) = -4*x**2 - 6*x - 1. Let q(v) = 6*g(v) - 7*u(v). Give q(1).
-3
Let z(x) = -9*x**2 + 2*x - 13. Let c(i) = -16*i**2 + 5*i - 25. Let n(h) = 4*c(h) - 7*z(h). Determine n(6).
-9
Let v(d) = -5*d + 33. Let g = 101 - 94. Calculate v(g).
-2
Suppose -3*u + 5*w = -12, 5*u + 2*w + 18 = 7. Let r(k) = -18*k**3 - k**2 + 1. Determine r(u).
18
Let p(t) = -t**3 - 20*t**2 - 19*t + 7. Let q be p(-19). Let v(r) = r**2 - 4*r - 6. Determine v(q).
15
Let q = 282 - 277. Let o(l) = -l**3 + 6*l**2 - 3*l - 3. What is o(q)?
7
Let v = 74 + -72. Let f(z) = -27 - 28 - 5*z**2 + v*z + 54. Suppose -b + 4*x - 7 = 0, -b = -3*x - 0 + 5. Give f(b).
-4
Suppose -8*o + 376 = 352. Let i(j) = j**3 - 2*j**2 - 5*j + 4. Determine i(o).
-2
Let y = -13 + 14. Let f(b) be the third derivative of 0 - 6*b**2 + 1/6*b**4 + 0*b + 1/6*b**3. Calculate f(y).
5
Suppose 0 = -5*g + 185 - 145. Let j(s) = -s**2 + 3*s + 9. Determine j(g).
-31
Suppose 51*f = -117 + 372. Let k(o) = -1 - 9*o - o**2 + 5 + 2*o**2. What is k(f)?
-16
Let l(v) = -8*v**3 + 2*v**2 + 6*v - 23. Let n(m) = -3*m**3 + m**2 + 2*m - 8. Let q(z) = -4*l(z) + 11*n(z). Suppose t - 2 = 1. Calculate q(t).
-2
Let b be 16/(1 + 3) - 4. Let x(u) = -5 + 3*u + 4 - 4*u + b*u. Determine x(-6).
5
Suppose -4*z - v = 13, -4*z - 10*v = -5*v + 33. Let b(g) = -2*g**2 + g - 1. What is b(z)?
-11
Let n(o) be the third derivative of -o**5/60 + 11*o**4/24 - o**3/6 - 194*o**2. What is n(11)?
-1
Let u(s) = 1. Let l(j) = -j**2 - 8*j - 10. Suppose -3*m + 2*o + 10 - 1 = 0, o = 0. Let b = m + -2. Let k(d) = b*u(d) + l(d). Determine k(-6).
3
Let y(q) = -q**3 + q**2 + 1. Let t = -28 + 29. Let r(v) = v. Let u(d) = t*r(d) + y(d). What is u(-1)?
2
Let v be ((-2)/(-3) + 1)*3. Let l(j) = -j**3 - 6*j**2 + 7*j + 13. Let i(a) = 4*a**3 + 18*a**2 - 22*a - 42. Let o(w) = 2*i(w) + 7*l(w). Calculate o(v).
7
Let i(v) = -10*v**3 + 8*v**2 - 13*v + 29. Let z(u) = -3*u**3 + 3*u**2 - 4*u + 10. Let j(n) = -2*i(n) + 7*z(n). Let x be j(5). Let f(b) = 2*b - 1. What is f(x)?
3
Suppose 16 = -4*u, 4*x = -2*u + 5*u + 28. Let k be (-42)/9*6/x. Let a(l) = -8*l - 8. Let p(j) = 7*j + 9. Let r(f) = k*p(f) - 6*a(f). Give r(-7).
-8
Suppose -8*l - 107 + 107 = 0. Let k(q) = -2*q - 7. What is k(l)?
-7
Let t(u) = -7*u**2 + 2*u**3 + u + 5*u**3 + 55 - 111 + 57 - 6*u**3. What is t(7)?
8
Let b(h) = 3*h - 117. Let m(f) = -3*f + 135. Let w(a) = 7*b(a) + 6*m(a). Let z be ((-4)/6)/((-4)/6). Suppose 19 = 3*d + z. Determine w(d).
9
Let o = -2 - -6. Suppose 40 = q + o*q. Suppose 2*c - c = -3*g - q, 5*c + g - 2 = 0. Let p(x) = 2*x**3 - 2*x**2 + 1. Determine p(c).
1
Let s(k) = -2*k**2 + k**2 + 338 - 333 + 4*k - 3*k + 0*k. Determine s(-4).
-15
Let d(s) = 308*s - 307*s - 5 + 3. Suppose b - 3*o = -4*o + 10, 5*o = 3*b - 46. Suppose -5*n = -3*r - b - 1, -r - 2*n + 14 = 0. Calculate d(r).
2
Suppose 0 = 3*f - 4*i - 17 - 22, -5*f + i + 65 = 0. Let y(h) = h**2 - 12*h - 17. Give y(f).
-4
Let o(h) be the second derivative of h**4/12 - 3*h**3/2 + 2*h**2 - 2*h. Suppose 4*i = -3*w + 30, 16 + 16 = 4*i + 4*w. Give o(i).
-14
Let f(m) = -m**2 + m - 1. Let y(h) be the third derivative of -h**6/120 + 11*h**5/30 - 7*h**4/8 - h**3/3 + 45*h**2 + 2. Let r be y(21). Give f(r).
-7
Let h be 30/9 + (-6)/(-9). Suppose -12 = -h*k - 0. Let x(n) = -2*n**3 + 10 + n**k + 1. What is x(0)?
11
Let w(s) = 10 - s + 8 + 2*s - 17. Let t(z) = 26*z**3 - z**2 + z - 1. Let j be t(1). Suppose -3*n - j = -7*n + 3*d, 5*d = n - 19. What is w(n)?
5
Suppose 0 = -2*q + 3 - 11. Let w(b) = 2*b**2 + 21*b + 11. Let r(n) = -n**2 - 9*n - 5. Let h(l) = 5*r(l) + 2*w(l). Determine h(q).
-7
Let x(c) = -c**2 + 3*c - 2. Let v(f) = f**2. Let r(s) = 4 + 3*s + 3*s + 1 - 7*s. Let y be r(7). Let o be v(y). Calculate x(o).
-6
Let b(f) = f**3 - 6*f**2 + f - 6. Suppose -701*d - 24 = -705*d. Determine b(d).
0
Let z(b) = -4*b + 20. Let r be z(6). Let g be (r/(-2))/(6/(-18)). Let h(m) be the first derivative of -m**4/4 - 7*m**3/3 - 7*m**2/2 - 4*m + 1. Give h(g).
2
Suppose -4*p + 6 + 14 = -4*a, 4*a = -3*p - 6. Let u be ((-33)/3)/(1/p). Let z = u + 16. Let y(t) = t + 14. Determine y(z).
8
Let o(n) = 5*n**2 - 8*n + 4. Suppose -133*u + 127*u = 36. Let l(k) = -3*k - 4 + 0*k**2 - 4*k**2 + 10*k. Let v(w) = u*l(w) - 5*o(w). Give v(-4).
-4
Let c(f) = 3*f**3 + 4*f**2 + 2*f. Suppose q = -q. Let i be 6 + 0 + (-3 - 1). Let h = q - i. What is c(h)?
-12
Let g(f) = f**3 + 10*f**2 - 4. Suppose 14*c - 19*c - 35 = 3*q, 0 = -4*q + 20. Determine g(c).
-4
Let u(w) = -w - 2. Suppose 0 = -5*d - 2*n + 5*n + 30, 4*d - 3*n = 27. Suppose 18 = -d*g - 3*x, 2*g - 2 = -0*g + 5*x. Determine u(g).
2
Let g(y) = -y**2 + 8*y - 6. Let f(v) = 13*v - 28. Let w be f(8). Let r = 82 - w. What is g(r)?
6
Suppose 4 = 21*g - 143. Let z(p) be the third derivative of -p**5/60 + p**4/3 - 5*p**3/6 + 20*p**2. What is z(g)?
2
Let y(d) = 8*d**2 + 4*d + 3. Suppose -5*q - 60 = -17*q. Let f(g) = 4*g**2 + 2*g + 2. Let v(k) = q*f(k) - 3*y(k). Calculate v(2).
-19
Let n(c) = -3*c**2 - 11*c - 29. Suppose 4*k + i - 19 = 0, 3*i - 2 = 5*i. Let b(a) = 2*a**2 + 7*a + 19. Let m(h) = k*n(h) + 8*b(h). What is m(0)?
7
Let y(a) = -1 - 4 - a**2 + 7*a - a**2. Suppose 66*w - 45 = 219. What is y(w)?
-9
Let v(j) = -2*j. Let n be 44/9 - (-4)/36. Suppose -2*p - n*d = 6, -p + 0*p = -4*d + 3. What is v(p)?
6
Suppose 0 = 2*r + 3*i + 24 - 18, 0 = 2*i + 4. Let j(k) be the second derivative of k + r - 3*k**2 + 2/3*k**3. What is j(4)?
10
Let s be 3/(-5) - (7116/30)/(-2). Let m(h) = 120 + 3*h - s - 2*h. Let p = -11 + 8. Give m(p).
-1
Let y(z) = z - 3. Suppose -k - 21 = -3*f, 2*k - 2*f + 73 - 23 = 0. Let q = -31 - k. What is y(q)?
-7
Let a(w) = -10*w**3 + 5*w**2 + 9*w + 25. Let u(z) = 3*z**3 - 2*z**2 - 3*z - 8. Let g(m) = 2*a(m) + 7*u(m). Determine g(5).
4
Let d(s) = -14*s**2 + 14*s - 5. Let a(i) = 5*i**2 - 5*i + 2. Let u(j) = j**3 + 12*j**2 - 15*j - 22. Le